{"id":6,"date":"2017-02-21T19:13:12","date_gmt":"2017-02-21T18:13:12","guid":{"rendered":"http:\/\/dummy.albertle.org\/?page_id=6"},"modified":"2025-10-03T12:26:57","modified_gmt":"2025-10-03T11:26:57","slug":"aktuelles","status":"publish","type":"page","link":"http:\/\/michael-ostheimer.de\/","title":{"rendered":"Ausgew\u00e4hlte Publikationen"},"content":{"rendered":"\n<p><strong>Wunde Weimar. Streifz\u00fcge durch die Geistesgegenwart einer Stadt &#8211; Berg, Zentrum, Rand<\/strong>, in: Lettre International 150 (Oktober 2025).<\/p>\n\n\n\n<div style=\"height:60px\" aria-hidden=\"true\" class=\"wp-block-spacer\"><\/div>\n\n\n\n<p><strong>Der Olymp ruft. Eine Wanderung zu Orten des Zeus<\/strong>, in: Lettre International 147 (Dezember 2024).<\/p>\n\n\n\n<div style=\"height:60px\" aria-hidden=\"true\" class=\"wp-block-spacer\"><\/div>\n\n\n\n<p><strong>Die Stimme der Styx. Eine Reise nach Griechenland, angezogen von einem mythischen Ziel<\/strong>, in: Lettre International 139 (Dezember 2022). &#8211; Dazu das Interview mit Tanya Lieske, Deutschlandfunk, B\u00fcchermarkt vom 25. Januar 2023:<\/p>\n\n\n<div class=\"wp-playlist wp-audio-playlist wp-playlist-light\">\n\t\t\t<div class=\"wp-playlist-current-item\"><\/div>\n\t\t<audio controls=\"controls\" preload=\"none\" width=\"640\"\n\t\t\t><\/audio>\n\t<div class=\"wp-playlist-next\"><\/div>\n\t<div class=\"wp-playlist-prev\"><\/div>\n\t<noscript>\n\t<ol>\n\t\t<li><a href='http:\/\/michael-ostheimer.de\/wp-content\/uploads\/2023\/01\/michael_ostheimer_ueber_die_stimme_der_styx_dlf_20230125_1620_5d9e3ba1.mp3'>Michael Ostheimer \u00fcber \"Die Stimme der Styx\"<\/a><\/li>\t<\/ol>\n\t<\/noscript>\n\t<script type=\"application\/json\" class=\"wp-playlist-script\">{\"type\":\"audio\",\"tracklist\":true,\"tracknumbers\":true,\"images\":true,\"artists\":true,\"tracks\":[{\"src\":\"http:\/\/michael-ostheimer.de\/wp-content\/uploads\/2023\/01\/michael_ostheimer_ueber_die_stimme_der_styx_dlf_20230125_1620_5d9e3ba1.mp3\",\"type\":\"audio\/mpeg\",\"title\":\"Michael Ostheimer \\u00fcber \\\"Die Stimme der Styx\\\"\",\"caption\":\"\",\"description\":\"\\u201eMichael Ostheimer \\u00fcber \\\"Die Stimme der Styx\\\"\\u201c aus B\\u00dcCHERMARKT von Deutschlandfunk. Ver\\u00f6ffentlicht: 2023.\",\"meta\":{\"artist\":\"Deutschlandfunk\",\"album\":\"B\\u00dcCHERMARKT\",\"year\":\"2023\",\"length_formatted\":\"5:56\"},\"image\":{\"src\":\"http:\/\/michael-ostheimer.de\/wp-includes\/images\/media\/audio.svg\",\"width\":48,\"height\":64},\"thumb\":{\"src\":\"http:\/\/michael-ostheimer.de\/wp-includes\/images\/media\/audio.svg\",\"width\":48,\"height\":64}}]}<\/script>\n<\/div>\n\t\n\n\n\n<div style=\"height:60px\" aria-hidden=\"true\" class=\"wp-block-spacer\"><\/div>\n\n\n\n<p><\/p>\n\n\n\n<p><strong>\u201eVom Crostigall nach \u00fcberall\u201c \u2013 Dauerausstellung im Ringelnatz-Geburtshaus in Wurzen<\/strong>, kuratiert von Michael Ostheimer (er\u00f6ffnet im Mai 2023): <a href=\"https:\/\/ringelnatz-verein.de\/geburtshaus\/dauerausstellung\/\" target=\"_blank\" rel=\"noreferrer noopener\">https:\/\/ringelnatz-verein.de\/geburtshaus\/dauerausstellung\/<\/a><br>Die f\u00fcr die Ausstellung produzierten Videopodcasts (\u201eAuf den Spuren eines reisenden Artisten\u201c) finden sich unter: <a href=\"https:\/\/www.youtube.com\/playlist?list=PL3tvEWlssAgnC6RGCuL_4JYDxC7NULRKR\" target=\"_blank\" rel=\"noreferrer noopener\">https:\/\/www.youtube.com\/playlist?list=PL3tvEWlssAgnC6RGCuL_4JYDxC7NULRKR<\/a><br>Begleittext zur Ausstellung: Viola He\u00df, Michael Ostheimer: Vom Crostigall nach \u00fcberall. Zur Ausstellung im Ringelnatz-Geburtshaus in Wurzen im Crostigall 14, in: Joachim-Ringelnatz-Verein e. V. (Hg.): Vom Crostigall nach \u00fcberall, Mitteldeutscher Verlag 2023, S. 7-22.<\/p>\n\n\n\n<div style=\"height:60px\" aria-hidden=\"true\" class=\"wp-block-spacer\"><\/div>\n\n\n\n<p><\/p>\n\n\n\n<p><strong>Rauh, aber apart. Literarischer Streifzug durch Chemnitz, Karl-Marx-Stadt und zur\u00fcck<\/strong>, in: Lettre International 135 (Dezember 2021).<\/p>\n\n\n\n<div style=\"height:60px\" aria-hidden=\"true\" class=\"wp-block-spacer\"><\/div>\n\n\n\n<p><strong>Mit geliehenen Augen. Landschaft | Landscape | Shanshui<\/strong><\/p>\n\n\n\n<p>Autoren: Ulrike M\u00fcnter, Michael Ostheimer, Kerber Verlag 2020, 192 Seiten, Hardcover, ISBN 978-3-7356-0670-9<\/p>\n\n\n\n<div style=\"height:14px\" aria-hidden=\"true\" class=\"wp-block-spacer\"><\/div>\n\n\n\n<figure class=\"wp-block-image\"><img loading=\"lazy\" decoding=\"async\" width=\"300\" height=\"265\" src=\"http:\/\/michael-ostheimer.de\/wp-content\/uploads\/2020\/01\/Wemhoener_cover_dt_600x600@2x-300x265.jpg\" alt=\"\" class=\"wp-image-413\" srcset=\"http:\/\/michael-ostheimer.de\/wp-content\/uploads\/2020\/01\/Wemhoener_cover_dt_600x600@2x-300x265.jpg 300w, http:\/\/michael-ostheimer.de\/wp-content\/uploads\/2020\/01\/Wemhoener_cover_dt_600x600@2x-768x680.jpg 768w, http:\/\/michael-ostheimer.de\/wp-content\/uploads\/2020\/01\/Wemhoener_cover_dt_600x600@2x.jpg 904w\" sizes=\"auto, (max-width: 300px) 100vw, 300px\" \/><\/figure>\n\n\n\n<div style=\"height:14px\" aria-hidden=\"true\" class=\"wp-block-spacer\"><\/div>\n\n\n\n<p>Die Sammlung Wemh\u00f6ner erforscht die vielf\u00e4ltigen Wechselbeziehungen zwischen Ost und West in der Landschaftsdarstellung. Aus der asiatischen Tradition kommend setzen sich etwa zahlreiche chinesische K\u00fcnstlerinnen und K\u00fcnstler mit westlichen Konzepten der Landschaft auseinander. In umgekehrter Blickrichtung wird zugleich das chinesische Landschaftsverst\u00e4ndnis im Westen immer aktueller. Das Buch verbindet Positionen innovativer Landschafts\u00e4sthetik mit dem kulturellen Dialog zwischen China und dem Westen in Bezug auf das Thema \u201eLandschaft\u201c. Dabei wird offensichtlich, dass wir eine Landschaft erst dann erkennen, wenn wir die Anschauung des Raums mit einem bestimmten Konzept von Landschaft verbinden. Landschaften sehen wir also stets nur \u201amit geliehenen Augen\u2018.<\/p>\n\n\n\n<div style=\"height:60px\" aria-hidden=\"true\" class=\"wp-block-spacer\"><\/div>\n\n\n\n<p><\/p>\n\n\n\n<p><strong>Sichtspiele. Filme und Videokunst aus der Sammlung Wemh\u00f6ner<\/strong><\/p>\n\n\n\n<p>Autor: Michael Ostheimer, Distanz Verlag 2018, 272 Seiten, Hardcover, ISBN: 978-3954762408<\/p>\n\n\n\n<div style=\"height:14px\" aria-hidden=\"true\" class=\"wp-block-spacer\"><\/div>\n\n\n\n<figure class=\"wp-block-image\"><img loading=\"lazy\" decoding=\"async\" width=\"215\" height=\"307\" src=\"http:\/\/michael-ostheimer.de\/wp-content\/uploads\/2018\/04\/Sichtspiele_Cover.jpg\" alt=\"\" class=\"wp-image-243\" srcset=\"http:\/\/michael-ostheimer.de\/wp-content\/uploads\/2018\/04\/Sichtspiele_Cover.jpg 215w, http:\/\/michael-ostheimer.de\/wp-content\/uploads\/2018\/04\/Sichtspiele_Cover-210x300.jpg 210w\" sizes=\"auto, (max-width: 215px) 100vw, 215px\" \/><\/figure>\n\n\n\n<div style=\"height:14px\" aria-hidden=\"true\" class=\"wp-block-spacer\"><\/div>\n\n\n\n<p>Seit dem fr\u00fchen 20. Jahrhundert ist der produktive wie rezeptive Umgang mit filmischen Bildern als entscheidende Kulturtechnik der Moderne nicht mehr wegzudenken. Kunst ist Form gewordenes Spiel mit Inhalten. Alle Arbeiten der in <em>Sichtspiele<\/em> versammelten K\u00fcnstler entfalten eine spielerische Spannung zwischen visueller Darstellung und kompositorischer Form. Auf den herausfordernden Medienwechsel vom Bewegtbild zum Kunstbuch reagiert das Buch mit einer Innovation: Zum einen zeigt es Stills als visuelle Anhaltspunkte f\u00fcr den Nachvollzug der Bilddynamik und pr\u00e4sentiert Kontexte er\u00f6ffnende Kommentartexte. Zum &nbsp;anderen k\u00f6nnen Bildsequenzen von jeder Arbeit mithilfe einer App auf dem Handy oder Tablet \u201ezum Laufen\u201c gebracht werden.<\/p>\n\n\n\n<p><\/p>\n\n\n\n<p>Trailer: <a href=\"https:\/\/www.youtube.com\/watch?v=_YAAHXzNFRc\" target=\"_blank\" rel=\"noopener noreferrer\">https:\/\/www.youtube.com\/watch?v=_YAAHXzNFR<\/a><\/p>\n\n\n\n<div style=\"height:60px\" aria-hidden=\"true\" class=\"wp-block-spacer\"><\/div>\n\n\n\n<p><\/p>\n\n\n\n<p><strong>Michael Ostheimer: Leseland. Chronotopographie der DDR- und Post-DDR-Literatur<\/strong><\/p>\n\n\n\n<p>Wallstein Verlag 2018, 486 Seiten, 13 Abb., geb., Schutzumschlag,<br>ISBN: 978-3-8353-3310-9<\/p>\n\n\n\n<div style=\"height:14px\" aria-hidden=\"true\" class=\"wp-block-spacer\"><\/div>\n\n\n\n<figure class=\"wp-block-image\"><img loading=\"lazy\" decoding=\"async\" width=\"240\" height=\"378\" src=\"http:\/\/michael-ostheimer.de\/wp-content\/uploads\/2018\/07\/9783835333109l.png\" alt=\"\" class=\"wp-image-266\" srcset=\"http:\/\/michael-ostheimer.de\/wp-content\/uploads\/2018\/07\/9783835333109l.png 240w, http:\/\/michael-ostheimer.de\/wp-content\/uploads\/2018\/07\/9783835333109l-190x300.png 190w\" sizes=\"auto, (max-width: 240px) 100vw, 240px\" \/><\/figure>\n\n\n\n<div style=\"height:14px\" aria-hidden=\"true\" class=\"wp-block-spacer\"><\/div>\n\n\n\n<p>Eine kulturhistorisch an den Wechselwirkungen von Raum und Zeit orientierte Geschichte der DDR- und Post-DDR-Literatur. Untersucht werden die Verzeitlichung unterschiedlicher Schaupl\u00e4tze der DDR- und Post-DDR-Literatur. Im Fokus stehen Buchenwald, Eisenh\u00fcttenstadt, Halle-Neustadt, Bad Frankenhausen, der s\u00e4chsisch-th\u00fcringische Uranbergbau, Hiddensee, die deutsch-deutsche Grenze sowie Altenburg. Der raumzeitliche Ansatz erarbeitet einen kulturtheoretisch fundierten Baustein f\u00fcr eine umfassende Literatur- und Kulturgeschichte der (Post-)DDR, die die deutsch-deutschen Literaturbeziehungen sowie Rezeptionszusammenh\u00e4nge zu akzentuieren vermag.<\/p>\n\n\n\n<p><\/p>\n","protected":false},"excerpt":{"rendered":"<p>Wunde Weimar. Streifz\u00fcge durch die Geistesgegenwart einer Stadt &#8211; Berg, Zentrum, Rand, in: Lettre International 150 (Oktober 2025). Der Olymp ruft. Eine Wanderung zu Orten des Zeus, in: Lettre International 147 (Dezember 2024). Die Stimme der Styx. Eine Reise nach Griechenland, angezogen von einem mythischen Ziel, in: Lettre International 139 (Dezember 2022). &#8211; Dazu das [&hellip;]<\/p>\n","protected":false},"author":1,"featured_media":0,"parent":0,"menu_order":0,"comment_status":"closed","ping_status":"closed","template":"page-with-sidebar","meta":{"footnotes":""},"class_list":["post-6","page","type-page","status-publish","hentry"],"_links":{"self":[{"href":"http:\/\/michael-ostheimer.de\/index.php?rest_route=\/wp\/v2\/pages\/6","targetHints":{"allow":["GET"]}}],"collection":[{"href":"http:\/\/michael-ostheimer.de\/index.php?rest_route=\/wp\/v2\/pages"}],"about":[{"href":"http:\/\/michael-ostheimer.de\/index.php?rest_route=\/wp\/v2\/types\/page"}],"author":[{"embeddable":true,"href":"http:\/\/michael-ostheimer.de\/index.php?rest_route=\/wp\/v2\/users\/1"}],"replies":[{"embeddable":true,"href":"http:\/\/michael-ostheimer.de\/index.php?rest_route=%2Fwp%2Fv2%2Fcomments&post=6"}],"version-history":[{"count":84,"href":"http:\/\/michael-ostheimer.de\/index.php?rest_route=\/wp\/v2\/pages\/6\/revisions"}],"predecessor-version":[{"id":672,"href":"http:\/\/michael-ostheimer.de\/index.php?rest_route=\/wp\/v2\/pages\/6\/revisions\/672"}],"wp:attachment":[{"href":"http:\/\/michael-ostheimer.de\/index.php?rest_route=%2Fwp%2Fv2%2Fmedia&parent=6"}],"curies":[{"name":"wp","href":"https:\/\/api.w.org\/{rel}","templated":true}]}}

Ausgewählte Publikationen

<p><strong>Wunde Weimar. Streifzüge durch die Geistesgegenwart einer Stadt &#8211; Berg, Zentrum, Rand</strong>, in: Lettre International 150 (Oktober 2025).</p>



<div style="height:60px" aria-hidden="true" class="wp-block-spacer"></div>



<p><strong>Der Olymp ruft. Eine Wanderung zu Orten des Zeus</strong>, in: Lettre International 147 (Dezember 2024).</p>



<div style="height:60px" aria-hidden="true" class="wp-block-spacer"></div>



<p><strong>Die Stimme der Styx. Eine Reise nach Griechenland, angezogen von einem mythischen Ziel</strong>, in: Lettre International 139 (Dezember 2022). &#8211; Dazu das Interview mit Tanya Lieske, Deutschlandfunk, Büchermarkt vom 25. Januar 2023:</p>


<div class="wp-playlist wp-audio-playlist wp-playlist-light">
			<div class="wp-playlist-current-item"></div>
		<audio controls="controls" preload="none" width="640"
			></audio>
	<div class="wp-playlist-next"></div>
	<div class="wp-playlist-prev"></div>
	<noscript>
	<ol>
		<li><a href='http://michael-ostheimer.de/wp-content/uploads/2023/01/michael_ostheimer_ueber_die_stimme_der_styx_dlf_20230125_1620_5d9e3ba1.mp3'>Michael Ostheimer über "Die Stimme der Styx"</a></li>	</ol>
	</noscript>
	<script type="application/json" class="wp-playlist-script">{"type":"audio","tracklist":true,"tracknumbers":true,"images":true,"artists":true,"tracks":[{"src":"http://michael-ostheimer.de/wp-content/uploads/2023/01/michael_ostheimer_ueber_die_stimme_der_styx_dlf_20230125_1620_5d9e3ba1.mp3","type":"audio/mpeg","title":"Michael Ostheimer \u00fcber \"Die Stimme der Styx\"","caption":"","description":"\u201eMichael Ostheimer \u00fcber \"Die Stimme der Styx\"\u201c aus B\u00dcCHERMARKT von Deutschlandfunk. Ver\u00f6ffentlicht: 2023.","meta":{"artist":"Deutschlandfunk","album":"B\u00dcCHERMARKT","year":"2023","length_formatted":"5:56"},"image":{"src":"http://michael-ostheimer.de/wp-includes/images/media/audio.svg","width":48,"height":64},"thumb":{"src":"http://michael-ostheimer.de/wp-includes/images/media/audio.svg","width":48,"height":64}}]}</script>
</div>
	



<div style="height:60px" aria-hidden="true" class="wp-block-spacer"></div>



<p></p>



<p><strong>„Vom Crostigall nach überall“ – Dauerausstellung im Ringelnatz-Geburtshaus in Wurzen</strong>, kuratiert von Michael Ostheimer (eröffnet im Mai 2023): <a href="https://ringelnatz-verein.de/geburtshaus/dauerausstellung/" target="_blank" rel="noreferrer noopener">https://ringelnatz-verein.de/geburtshaus/dauerausstellung/</a><br>Die für die Ausstellung produzierten Videopodcasts („Auf den Spuren eines reisenden Artisten“) finden sich unter: <a href="https://www.youtube.com/playlist?list=PL3tvEWlssAgnC6RGCuL_4JYDxC7NULRKR" target="_blank" rel="noreferrer noopener">https://www.youtube.com/playlist?list=PL3tvEWlssAgnC6RGCuL_4JYDxC7NULRKR</a><br>Begleittext zur Ausstellung: Viola Heß, Michael Ostheimer: Vom Crostigall nach überall. Zur Ausstellung im Ringelnatz-Geburtshaus in Wurzen im Crostigall 14, in: Joachim-Ringelnatz-Verein e. V. (Hg.): Vom Crostigall nach überall, Mitteldeutscher Verlag 2023, S. 7-22.</p>



<div style="height:60px" aria-hidden="true" class="wp-block-spacer"></div>



<p></p>



<p><strong>Rauh, aber apart. Literarischer Streifzug durch Chemnitz, Karl-Marx-Stadt und zurück</strong>, in: Lettre International 135 (Dezember 2021).</p>



<div style="height:60px" aria-hidden="true" class="wp-block-spacer"></div>



<p><strong>Mit geliehenen Augen. Landschaft | Landscape | Shanshui</strong></p>



<p>Autoren: Ulrike Münter, Michael Ostheimer, Kerber Verlag 2020, 192 Seiten, Hardcover, ISBN 978-3-7356-0670-9</p>



<div style="height:14px" aria-hidden="true" class="wp-block-spacer"></div>



<figure class="wp-block-image"><img loading="lazy" decoding="async" width="300" height="265" src="http://michael-ostheimer.de/wp-content/uploads/2020/01/Wemhoener_cover_dt_600x600@2x-300x265.jpg" alt="" class="wp-image-413" srcset="http://michael-ostheimer.de/wp-content/uploads/2020/01/Wemhoener_cover_dt_600x600@2x-300x265.jpg 300w, http://michael-ostheimer.de/wp-content/uploads/2020/01/Wemhoener_cover_dt_600x600@2x-768x680.jpg 768w, http://michael-ostheimer.de/wp-content/uploads/2020/01/Wemhoener_cover_dt_600x600@2x.jpg 904w" sizes="auto, (max-width: 300px) 100vw, 300px" /></figure>



<div style="height:14px" aria-hidden="true" class="wp-block-spacer"></div>



<p>Die Sammlung Wemhöner erforscht die vielfältigen Wechselbeziehungen zwischen Ost und West in der Landschaftsdarstellung. Aus der asiatischen Tradition kommend setzen sich etwa zahlreiche chinesische Künstlerinnen und Künstler mit westlichen Konzepten der Landschaft auseinander. In umgekehrter Blickrichtung wird zugleich das chinesische Landschaftsverständnis im Westen immer aktueller. Das Buch verbindet Positionen innovativer Landschaftsästhetik mit dem kulturellen Dialog zwischen China und dem Westen in Bezug auf das Thema „Landschaft“. Dabei wird offensichtlich, dass wir eine Landschaft erst dann erkennen, wenn wir die Anschauung des Raums mit einem bestimmten Konzept von Landschaft verbinden. Landschaften sehen wir also stets nur ‚mit geliehenen Augen‘.</p>



<div style="height:60px" aria-hidden="true" class="wp-block-spacer"></div>



<p></p>



<p><strong>Sichtspiele. Filme und Videokunst aus der Sammlung Wemhöner</strong></p>



<p>Autor: Michael Ostheimer, Distanz Verlag 2018, 272 Seiten, Hardcover, ISBN: 978-3954762408</p>



<div style="height:14px" aria-hidden="true" class="wp-block-spacer"></div>



<figure class="wp-block-image"><img loading="lazy" decoding="async" width="215" height="307" src="http://michael-ostheimer.de/wp-content/uploads/2018/04/Sichtspiele_Cover.jpg" alt="" class="wp-image-243" srcset="http://michael-ostheimer.de/wp-content/uploads/2018/04/Sichtspiele_Cover.jpg 215w, http://michael-ostheimer.de/wp-content/uploads/2018/04/Sichtspiele_Cover-210x300.jpg 210w" sizes="auto, (max-width: 215px) 100vw, 215px" /></figure>



<div style="height:14px" aria-hidden="true" class="wp-block-spacer"></div>



<p>Seit dem frühen 20. Jahrhundert ist der produktive wie rezeptive Umgang mit filmischen Bildern als entscheidende Kulturtechnik der Moderne nicht mehr wegzudenken. Kunst ist Form gewordenes Spiel mit Inhalten. Alle Arbeiten der in <em>Sichtspiele</em> versammelten Künstler entfalten eine spielerische Spannung zwischen visueller Darstellung und kompositorischer Form. Auf den herausfordernden Medienwechsel vom Bewegtbild zum Kunstbuch reagiert das Buch mit einer Innovation: Zum einen zeigt es Stills als visuelle Anhaltspunkte für den Nachvollzug der Bilddynamik und präsentiert Kontexte eröffnende Kommentartexte. Zum &nbsp;anderen können Bildsequenzen von jeder Arbeit mithilfe einer App auf dem Handy oder Tablet „zum Laufen“ gebracht werden.</p>



<p></p>



<p>Trailer: <a href="https://www.youtube.com/watch?v=_YAAHXzNFRc" target="_blank" rel="noopener noreferrer">https://www.youtube.com/watch?v=_YAAHXzNFR</a></p>



<div style="height:60px" aria-hidden="true" class="wp-block-spacer"></div>



<p></p>



<p><strong>Michael Ostheimer: Leseland. Chronotopographie der DDR- und Post-DDR-Literatur</strong></p>



<p>Wallstein Verlag 2018, 486 Seiten, 13 Abb., geb., Schutzumschlag,<br>ISBN: 978-3-8353-3310-9</p>



<div style="height:14px" aria-hidden="true" class="wp-block-spacer"></div>



<figure class="wp-block-image"><img loading="lazy" decoding="async" width="240" height="378" src="http://michael-ostheimer.de/wp-content/uploads/2018/07/9783835333109l.png" alt="" class="wp-image-266" srcset="http://michael-ostheimer.de/wp-content/uploads/2018/07/9783835333109l.png 240w, http://michael-ostheimer.de/wp-content/uploads/2018/07/9783835333109l-190x300.png 190w" sizes="auto, (max-width: 240px) 100vw, 240px" /></figure>



<div style="height:14px" aria-hidden="true" class="wp-block-spacer"></div>



<p>Eine kulturhistorisch an den Wechselwirkungen von Raum und Zeit orientierte Geschichte der DDR- und Post-DDR-Literatur. Untersucht werden die Verzeitlichung unterschiedlicher Schauplätze der DDR- und Post-DDR-Literatur. Im Fokus stehen Buchenwald, Eisenhüttenstadt, Halle-Neustadt, Bad Frankenhausen, der sächsisch-thüringische Uranbergbau, Hiddensee, die deutsch-deutsche Grenze sowie Altenburg. Der raumzeitliche Ansatz erarbeitet einen kulturtheoretisch fundierten Baustein für eine umfassende Literatur- und Kulturgeschichte der (Post-)DDR, die die deutsch-deutschen Literaturbeziehungen sowie Rezeptionszusammenhänge zu akzentuieren vermag.</p>



<p></p>

<p>Wunde Weimar. Streifzüge durch die Geistesgegenwart einer Stadt &#8211; Berg, Zentrum, Rand, in: Lettre International 150 (Oktober 2025). Der Olymp ruft. Eine Wanderung zu Orten des Zeus, in: Lettre International 147 (Dezember 2024). Die Stimme der Styx. Eine Reise nach Griechenland, angezogen von einem mythischen Ziel, in: Lettre International 139 (Dezember 2022). &#8211; Dazu das [&hellip;]</p>
